10?
7
Let o be 3 + 2*-2 + 61. Suppose -2*x + 6 + o = 0. What is the remainder when 2*(x/6 - 0) is divided by 4?
3
Suppose 2*a = 7*a - 15. Calculate the remainder when 5 is divided by a.
2
Let g(n) = n**3 - 8*n**2 + 4*n + 7. Let o be g(5). Let z = 82 + o. What is the remainder when z is divided by 12?
10
Suppose 5*v = -0 - 15. Let z = 5 + v. Suppose 0 = -3*s + r + 20, 2*s = r - 0*r + 15. What is the remainder when s is divided by z?
1
Suppose 7 = -5*o + 72. Suppose 2*b - o = 15. Suppose 3*s + 0*s - 4*y - 78 = 0, -5*y = 2*s - 52. Calculate the remainder when s is divided by b.
12
Let j(i) = 1 - 6*i + 0 - 3. What is the remainder when j(-6) is divided by 12?
10
Let o be 0/3 - 6/(-2). Let d be (o - 3) + 1/1. Calculate the remainder when 14 is divided by 1 - (-1 - 6)*d.
6
Suppose 0 = -4*k + 43 + 13. Suppose 5*y = 5*t - 215, y = -4*t + 42 + 120. What is the remainder when t is divided by k?
13
Suppose 5*m + 16 = -5*i + 111, 0 = -i + 4. Let z = m - 10. Calculate the remainder when 24 is divided by z.
4
Let k = 93 + -64. Let j = k - 15. What is the remainder when 41 is divided by j?
13
Let r = 52 - -28. What is the remainder when r is divided by 27?
26
Suppose 0*f - 166 = -3*f - r, 4*r + 20 = 0. Calculate the remainder when f is divided by 21.
15
Suppose 2*t = 6*t - 12. Suppose 1 + t = b. Let u = b - 2. Calculate the remainder when 5 is divided by u.
1
Let x be 106/22 + (-6)/(-33). Suppose x*l + 109 = 4*w, -22 = 5*w - l - 132. Let t(q) = -9*q - 1. Calculate the remainder when w is divided by t(-1).
5
Let a(v) = -2*v**2 + 2*v + 2. Let t be a(4). Calculate the remainder when 62 is divided by 0 - (-1 - t)*-1.
20
Suppose -2*l = l - 6. Suppose -d = l*d - 48. Let q = 134 - 87. What is the remainder when q is divided by d?
15
Suppose -x = -3*x + 10. Suppose -p + 3*u + 11 = 0, 0*p + 3*u = x*p - 55. What is the remainder when 43 is divided by p?
10
Calculate the remainder when 94 is divided by ((-6)/(-3) - -6)*(12 - 8).
30
Let m = -59 - -92. What is the remainder when 125 is divided by m?
26
Suppose 4*u = 8, -4*c = 4*u - 4 - 24. Let t = c + 1. Calculate the remainder when 54 is divided by 6*-2*(-7)/t.
12
Suppose 0 = j - 2*k - 58, 2*k = -4 + 2. Let x = 67 - 48. Calculate the remainder when j is divided by x.
18
Let o = 50 - 46. Calculate the remainder when 4 is divided by o.
0
Suppose -8*j = -3*j - 5. What is the remainder when 29 is divided by j*3 + 40/8?
5
Suppose -2*i + 4 = -0*i. Suppose 3*l - 310 = -i*l. Calculate the remainder when l is divided by 21.
20
Let m(a) = -a**2 + 7*a + 6. Let i be m(6). Calculate the remainder when 111*(2 - 20/i) is divided by 10.
7
Suppose -5*z = 3*j + 6, 3*j + 1 + 5 = 0. Suppose -2*i = -6*i. What is the remainder when 33 is divided by 17 - (i - z)/(-1)?
16
Suppose n - 27 - 15 = -5*q, 109 = 3*n - 2*q. Calculate the remainder when n is divided by 13.
11
Suppose b - 25 + 2 = -l, 2*b + 94 = 3*l. Calculate the remainder when l is divided by 5.
3
Suppose -7*x - 2*i - 113 = -10*x, -x + 4*i = -41. Calculate the remainder when 108 is divided by x.
34
Let q = 4 - 2. Suppose -4*y + 5*h - q*h + 42 = 0, -5*y = -3*h - 54. What is the remainder when y is divided by (-7)/(1 - -1 - 3)?
5
Let q(c) = -c**2 - 5*c - 5. Let l(x) = -2*x**2 - 10*x - 9. Let o(f) = 4*l(f) - 9*q(f). What is the remainder when o(-8) is divided by 9?
6
Let d(p) = -36*p + 1. Let w = 37 - 24. What is the remainder when d(-1) is divided by w?
11
Let r = 80 - 74. Calculate the remainder when 23 is divided by r.
5
What is the remainder when 25 is divided by (78/9)/(6/9)?
12
Suppose -7*q + 442 + 174 = 0. What is the remainder when q is divided by 13?
10
What is the remainder when -3*392/(-18) - 10/(-15) is divided by 18?
12
Suppose -5*z = -2*s - 1, -2*s - 7 = 4*z + 3. Let q be (25/(-20))/(z/20). Suppose -1 = -x + q. What is the remainder when x is divided by 9?
8
Let y(q) = q**3 + 5*q**2 + 2*q + 6. Let u be y(-5). Let b = u + 11. Calculate the remainder when 25 is divided by b.
4
Suppose -6*b + 25 = -b. Let t(f) = f**3 - 7*f**2 + f + 7. Calculate the remainder when t(7) is divided by b.
4
Calculate the remainder when 44/(-3)*(-18)/12 is divided by 260/22 - (-4)/22.
10
Suppose -4*u + 26 = -6. Calculate the remainder when 13 is divided by u.
5
Suppose -2*k = -5*t + 893, 3*k = t - k - 193. Calculate the remainder when t is divided by 45.
42
Suppose 5*c - 10 = -4*g - 3, c + 3 = -3*g. Calculate the remainder when 23 is divided by (4/8)/(c/78).
10
Let r = 12 + 2. Calculate the remainder when ((-3)/(6/20))/(2/(-8)) is divided by r.
12
Let p(j) = -j**2 + 11*j - 20. Let l = -2 + 9. What is the remainder when p(5) is divided by l?
3
Let n = 13 + 24. Calculate the remainder when n is divided by 15.
7
Let u be (-8)/(-6)*6/4. Suppose 5*d - 4*d = u. Suppose 2*v = -2*c - 3 + 13, 60 = 5*c - d*v. What is the remainder when 29 is divided by c?
9
Suppose 5*n - 52 = 58. Suppose n = -3*o + 79. Calculate the remainder when 37 is divided by o.
18
Suppose s + 0 = 2. Suppose 5*n - 44 = -3*w, -s = -2*n + w + 3*w. Calculate the remainder when n is divided by 3.
1
Suppose 0 = -4*l + 35 + 17. Suppose 3*z + 3*w = -l + 37, -5*z + 32 = 3*w. Let q = 4 + -1. What is the remainder when z is divided by q?
1
Let r = 14 + -9. Suppose -92 - 23 = -r*h. Calculate the remainder when 91 is divided by h.
22
Let t = 47 - 37. Suppose t*q - 36 = 4*q. What is the remainder when q is divided by (-1 + -1)/(3/(-6))?
2
Suppose -3*k - 2*k + 4*b + 182 = 0, -5*k + 173 = -b. Calculate the remainder when k is divided by 280/15 - (-4)/(-6).
16
Suppose p - 25 = 4*f - 5, -22 = 5*f - 2*p. Let z(h) = h**2 + 6*h + 3. Let s(y) = y**2 - 6*y + 6. Calculate the remainder when z(f) is divided by s(5).
0
Suppose t + 26 = 2*t. Let b(v) = v**2 + 9*v + 12. Calculate the remainder when b(-15) is divided by t.
24
Suppose 3*k - 5*k = 0. Suppose -3*s + 0 - 9 = k. Calculate the remainder when 8 is divided by (-1)/(14/5 + s).
3
Let d be (0 - (-1 - 1))*1. Let r be 1*(-10)/(-4)*d. Suppose n + 0*n - 4*t - 18 = 0, -56 = -r*n + 3*t. Calculate the remainder when n is divided by 6.
4
Let b(r) = 3*r**2 - 2. Let s(o) = o**3 + o**2 - o. Let p(j) = -b(j) + s(j). What is the remainder when 89 is divided by p(4)?
29
Suppose 12 = 6*g - 3*g. Suppose g*t - l - 32 = 0, -3*t + 6*t - l - 25 = 0. What is the remainder when 13 is divided by t?
6
Suppose -7*t + 12 = -3*t. Suppose 0 = -b, -6*n + 30 = -n - 2*b. Suppose -t = -o + n. What is the remainder when 35 is divided by o?
8
Let h be 34/1 + -2 + 0. Let c be (6 - 0/(-1)) + -1. Suppose -23 = -c*i + h. Calculate the remainder when 21 is divided by i.
10
Calculate the remainder when 34 is divided by (-1)/((-19)/9 + 2).
7
Suppose -142 = -4*d + 3*c - 0*c, 4*d - 144 = 4*c. Let b(v) = -3*v - 9. What is the remainder when d is divided by b(-9)?
16
Let b(v) = -v**2 - 7*v - 6. What is the remainder when b(-2) is divided by (1/(-2))/(2/(-8))?
0
Let y(h) = -h**3 + 8*h**2 + 10*h - 11. Calculate the remainder when y(7) is divided by 39.
30
Let m(v) be the second derivative of v**3/6 + 4*v**2 - 3*v. Calculate the remainder when m(0) is divided by 5.
3
Let p = -1 + 9. Let d = p + -4. Suppose 3*v - 91 = -d*k, 118 = -v + 5*v + 2*k. Calculate the remainder when v is divided by 10.
9
Let z(u) = -u**3 + 6*u**2 - 5*u + 4. What is the remainder when 60 is divided by z(4)?
12
Let z = -5 - -6. Let i(q) = 30*q**2 + 1. Calculate the remainder when 60 is divided by i(z).
29
Let y(m) = -3*m - 9. Let c be y(-12). Let v = c - 13. What is the remainder when 39 is divided by v?
11
Let d(u) = -u**2 + 12*u - 11. What is the remainder when 16 is divided by d(10)?
7
Calculate the remainder when (2*6/20)/(9/45) is divided by 2.
1
What is the remainder when -44*(2 + -1)*1/(-2) is divided by 12?
10
Suppose -3*t + 2*r = 1, -23 = -3*t - 3*r + 1. Suppose 0 = 3*h + t*g - 39, -5*g + 28 = 3. Calculate the remainder when 23 is divided by h.
7
Calculate the remainder when (860 + -2)/3*2/4 is divided by 36.
35
Let t be (4/2)/(3/(-3)). Let s(h) = -4*h - 2. Suppose -12 = -x + d, x - 52 = -4*x + d. What is the remainder when x is divided by s(t)?
4
Suppose -4*z = 16, 0*z + 2*z + 51 = c. Let s = -19 - -42. Calculate the remainder when c is divided by s.
20
Let q = -372 - -226. Suppose 4*t = 3*t - 90. Let x = t - q. What is the remainder when x is divided by 19?
18
Let x(c